{"id":51,"date":"2020-04-15T17:36:54","date_gmt":"2020-04-15T17:36:54","guid":{"rendered":"https:\/\/www.alianzafc.com.sv\/alianzaenlinea\/?post_type=product&#038;p=51"},"modified":"2022-09-22T15:40:57","modified_gmt":"2022-09-22T21:40:57","slug":"albo-latidos","status":"publish","type":"product","link":"https:\/\/www.alianzafc.com.sv\/alianzaenlinea\/producto\/albo-latidos\/","title":{"rendered":"Albo Latidos"},"content":{"rendered":"<p>Si te encanto el espect\u00e1culo de nuestro equipo mayor, imag\u00ednate lo que podremos hacer juntos con nuestros futuros campeones!<\/p>\n<p>Cada ALBO LATIDO se convierte en una contribuci\u00f3n para nuestras categor\u00edas inferiores, asignando tu aporte a:<\/p>\n<ul>\n<li>Potenciar las habilidades de nuestros peque\u00f1os jugadores.<\/li>\n<li>Brindar el recurso deportivo para su desempe\u00f1o dentro de la cancha en sus entrenos.<\/li>\n<li>Log\u00edstica de viajes para realizar partidos amistosos y medir rendimiento.<\/li>\n<li>Becas a ni\u00f1os con escasos recursos para nuestras escuelas de f\u00fatbol (edad 4-10 a\u00f1os).<\/li>\n<\/ul>\n<p>&nbsp;<\/p>\n<p>&nbsp;<\/p>\n<p>&nbsp;<\/p>\n","protected":false},"excerpt":{"rendered":"<p>Selecciona tu contribuci\u00f3n<\/p>\n","protected":false},"featured_media":2822,"template":"","meta":{"_coblocks_attr":"","_coblocks_dimensions":"","_coblocks_responsive_height":"","_coblocks_accordion_ie_support":""},"product_cat":[73],"product_tag":[],"_links":{"self":[{"href":"https:\/\/www.alianzafc.com.sv\/alianzaenlinea\/wp-json\/wp\/v2\/product\/51"}],"collection":[{"href":"https:\/\/www.alianzafc.com.sv\/alianzaenlinea\/wp-json\/wp\/v2\/product"}],"about":[{"href":"https:\/\/www.alianzafc.com.sv\/alianzaenlinea\/wp-json\/wp\/v2\/types\/product"}],"wp:featuredmedia":[{"embeddable":true,"href":"https:\/\/www.alianzafc.com.sv\/alianzaenlinea\/wp-json\/wp\/v2\/media\/2822"}],"wp:attachment":[{"href":"https:\/\/www.alianzafc.com.sv\/alianzaenlinea\/wp-json\/wp\/v2\/media?parent=51"}],"wp:term":[{"taxonomy":"product_cat","embeddable":true,"href":"https:\/\/www.alianzafc.com.sv\/alianzaenlinea\/wp-json\/wp\/v2\/product_cat?post=51"},{"taxonomy":"product_tag","embeddable":true,"href":"https:\/\/www.alianzafc.com.sv\/alianzaenlinea\/wp-json\/wp\/v2\/product_tag?post=51"}],"curies":[{"name":"wp","href":"https:\/\/api.w.org\/{rel}","templated":true}]}}

<p>Si te encanto el espectáculo de nuestro equipo mayor, imagínate lo que podremos hacer juntos con nuestros futuros campeones!</p>
<p>Cada ALBO LATIDO se convierte en una contribución para nuestras categorías inferiores, asignando tu aporte a:</p>
<ul>
<li>Potenciar las habilidades de nuestros pequeños jugadores.</li>
<li>Brindar el recurso deportivo para su desempeño dentro de la cancha en sus entrenos.</li>
<li>Logística de viajes para realizar partidos amistosos y medir rendimiento.</li>
<li>Becas a niños con escasos recursos para nuestras escuelas de fútbol (edad 4-10 años).</li>
</ul>
<p>&nbsp;</p>
<p>&nbsp;</p>
<p>&nbsp;</p>

<p>Selecciona tu contribución</p>
