{"id":4116,"date":"2025-05-26T20:42:15","date_gmt":"2025-05-27T02:42:15","guid":{"rendered":"https:\/\/www.alianzafc.com.sv\/alianzaenlinea\/?post_type=product&#038;p=4116"},"modified":"2025-06-19T11:13:54","modified_gmt":"2025-06-19T17:13:54","slug":"camiseta-llego-papa-campeon-2025","status":"publish","type":"product","link":"https:\/\/www.alianzafc.com.sv\/alianzaenlinea\/producto\/camiseta-llego-papa-campeon-2025\/","title":{"rendered":"Camiseta Lleg\u00f3 Pap\u00e1- Campe\u00f3n 2025"},"content":{"rendered":"<p>Adquiere la nueva camiseta de Alianza Campe\u00f3n &#8211; Clausura 2025.<\/p>\n<p>Las camisetas ser\u00e1n entregadas proveedor de env\u00edo a partir del 06 de junio 2025.<\/p>\n<p>El envi\u00f3 tiene un promedio de 3- 5 d\u00edas h\u00e1biles desde su entrega al proveedor.<\/p>\n","protected":false},"excerpt":{"rendered":"<p>Adquiere la nueva camiseta de Alianza Campe\u00f3n &#8211; Clausura 2025.<\/p>\n<p>Las camisetas ser\u00e1n entregadas al proveedor de env\u00edo a partir del <strong>06 de junio 2025<\/strong>.<\/p>\n<p><strong>El envi\u00f3 tiene un promedio de 3- 5 d\u00edas h\u00e1biles desde su entrega al proveedor.<\/strong><\/p>\n<p>Cualquier consulta puede hacerla a las oficinas del club al 22706860.<\/p>\n","protected":false},"featured_media":4125,"template":"","meta":{"_coblocks_attr":"","_coblocks_dimensions":"","_coblocks_responsive_height":"","_coblocks_accordion_ie_support":""},"product_cat":[8,72],"product_tag":[],"_links":{"self":[{"href":"https:\/\/www.alianzafc.com.sv\/alianzaenlinea\/wp-json\/wp\/v2\/product\/4116"}],"collection":[{"href":"https:\/\/www.alianzafc.com.sv\/alianzaenlinea\/wp-json\/wp\/v2\/product"}],"about":[{"href":"https:\/\/www.alianzafc.com.sv\/alianzaenlinea\/wp-json\/wp\/v2\/types\/product"}],"wp:featuredmedia":[{"embeddable":true,"href":"https:\/\/www.alianzafc.com.sv\/alianzaenlinea\/wp-json\/wp\/v2\/media\/4125"}],"wp:attachment":[{"href":"https:\/\/www.alianzafc.com.sv\/alianzaenlinea\/wp-json\/wp\/v2\/media?parent=4116"}],"wp:term":[{"taxonomy":"product_cat","embeddable":true,"href":"https:\/\/www.alianzafc.com.sv\/alianzaenlinea\/wp-json\/wp\/v2\/product_cat?post=4116"},{"taxonomy":"product_tag","embeddable":true,"href":"https:\/\/www.alianzafc.com.sv\/alianzaenlinea\/wp-json\/wp\/v2\/product_tag?post=4116"}],"curies":[{"name":"wp","href":"https:\/\/api.w.org\/{rel}","templated":true}]}}

Camiseta Llegó Papá- Campeón 2025

<p>Adquiere la nueva camiseta de Alianza Campeón &#8211; Clausura 2025.</p>
<p>Las camisetas serán entregadas proveedor de envío a partir del 06 de junio 2025.</p>
<p>El envió tiene un promedio de 3- 5 días hábiles desde su entrega al proveedor.</p>

<p>Adquiere la nueva camiseta de Alianza Campeón &#8211; Clausura 2025.</p>
<p>Las camisetas serán entregadas al proveedor de envío a partir del <strong>06 de junio 2025</strong>.</p>
<p><strong>El envió tiene un promedio de 3- 5 días hábiles desde su entrega al proveedor.</strong></p>
<p>Cualquier consulta puede hacerla a las oficinas del club al 22706860.</p>
